{"id":3,"date":"2021-04-21T17:22:11","date_gmt":"2021-04-21T15:22:11","guid":{"rendered":"https:\/\/tomasopiva.com\/?page_id=3"},"modified":"2021-12-15T18:59:11","modified_gmt":"2021-12-15T17:59:11","slug":"privacy-policy","status":"publish","type":"page","link":"https:\/\/tomasopiva.com\/it\/privacy-policy","title":{"rendered":"Privacy policy"},"content":{"rendered":"<div class=\"wpb-content-wrapper\"><p>[vc_row css_animation=&#8221;&#8221; row_type=&#8221;row&#8221; use_row_as_full_screen_section=&#8221;no&#8221; type=&#8221;full_width&#8221; angled_section=&#8221;no&#8221; text_align=&#8221;left&#8221; background_image_as_pattern=&#8221;without_pattern&#8221; el_class=&#8221;legale&#8221; z_index=&#8221;&#8221;][vc_column offset=&#8221;vc_col-lg-offset-0&#8243;][vc_empty_space height=&#8221;10px&#8221;][vc_column_text]<\/p>\r\n<h2>Privacy policy<\/h2>\r\n<p>[\/vc_column_text][vc_empty_space height=&#8221;10px&#8221;][vc_column_text]<\/p>\r\n<p><strong>Informativa sul trattamento dei dati personali<\/strong><\/p>\r\n<p>[\/vc_column_text][vc_column_text]<\/p>\r\n<p>PERCH\u00c8 QUESTO AVVISO<\/p>\r\n<p>Gentile Visitatore, a seguito della consultazione di questo sito web possono essere trattati dati relativi a persone fisiche identificate o identificabili.<br \/>In riferimento a tale trattamento di dati si rendono, anche ai sensi dell&#8217;art. 13 del Regolamento generale europeo sulla protezione dei dati (Regolamento UE 2016\/679), le seguenti informazioni, la cui validit\u00e0 non \u00e8 estesa per eventuali altri siti web esterni consultati dall&#8217;utente tramite link presenti su questo sito.<\/p>\r\n<p>Con la prosecuzione della navigazione, e con l\u2019adesione alle proposte di servizio contenute nelle varie parti del sito ( compilazione di form per richiedere informazioni), si danno per acquisite le informazioni sul trattamento e l\u2019utente esplicita il relativo consenso al trattamento.<br \/>Si sottolinea che il consenso \u00e8 valido unicamente se proviene da persona maggiorenne o da minore che abbia compiuto i 14 anni (art. 8, commi 1 e 2 del GDPR).[\/vc_column_text][vc_empty_space height=&#8221;10px&#8221;][vc_column_text]<\/p>\r\n<p>TITOLARE DEL TRATTAMENTO E RESPONSABILE<\/p>\r\n<p>Il titolare del trattamento \u00e8 la societ\u00e0 Piva&amp;C Srl, con sede in Milano (MI), Via Biglia, 7 (tel. 0000000, email : indirizzo email).[\/vc_column_text][vc_empty_space height=&#8221;10px&#8221;][vc_column_text]<\/p>\r\n<p>TIPI DI DATI TRATTATI<\/p>\r\n<p>I sistemi informatici e le procedure software preposte al funzionamento di questo sito web acquisiscono, nel corso del loro normale esercizio, alcuni dati personali la cui trasmissione \u00e8 implicita nell&#8217;uso dei protocolli di comunicazione di Internet.<br \/>Si tratta di informazioni che non sono raccolte per essere associate a interessati identificati, ma che per loro stessa natura potrebbero, attraverso elaborazioni ed associazioni con dati detenuti da terzi, permettere di identificare gli utenti.<br \/>In questa categoria di dati rientrano, ad esempio, gli indirizzi IP o i nomi a dominio dei computer o degli altri strumenti utilizzati dagli utenti che si connettono al sito, gli indirizzi in notazione URI (Uniform Resource Identifier) delle risorse richieste, l&#8217;orario della richiesta, il metodo utilizzato nel sottoporre la richiesta al server, la dimensione del file ottenuto in risposta, il codice numerico indicante lo stato della risposta data dal server (buon fine, errore, ecc.) ed altri parametri relativi al sistema operativo e all&#8217;ambiente informatico dell&#8217;utente.<br \/>Questi dati vengono utilizzati al solo fine di ricavare informazioni statistiche anonime sull&#8217;uso del sito e per controllarne il corretto funzionamento e vengono cancellati immediatamente dopo l&#8217;elaborazione.<br \/>I dati in questione potrebbero essere utilizzati per l\u2019accertamento di responsabilit\u00e0 in caso di eventuali reati informatici ai danni del nostro sito.[\/vc_column_text][vc_empty_space height=&#8221;10px&#8221;][vc_column_text]<\/p>\r\n<p>FINALITA\u2019 DEL TRATTAMENTO E FACOLTATIVITA\u2019 DEL CONFERIMENTO DEI DATI<\/p>\r\n<p>Piva&amp;C Srl acquisir\u00e0 e tratter\u00e0 unicamente dati anagrafici ed eventualmente fiscali; in nessun caso tratter\u00e0 dati definibili, ai sensi dell\u2019art. 9 del Regolamento n.679\/16, come \u201cparticolari\u201d.<br \/>I dati personali forniti verranno trattati per dare seguito alle specifiche richieste comunicate tramite il sito internet.<br \/>L\u2019utente \u00e8 libero di fornire i propri dati personali attraverso l\u2019utilizzo dell\u2019apposito form presente nel sito per richiedere l&#8217;invio di materiale informativo o di altre comunicazioni. Il loro mancato conferimento pu\u00f2 comportare l&#8217;impossibilit\u00e0 di ottenere quanto richiesto.<br \/>L\u2019invio facoltativo, esplicito e volontario di posta elettronica agli indirizzi indicati su questo sito comporta la successiva acquisizione dell\u2019indirizzo del mittente, necessario per adempiere alle richieste, nonch\u00e9 degli eventuali altri dati personali inseriti nella missiva.[\/vc_column_text][vc_empty_space height=&#8221;10px&#8221;][vc_column_text]<\/p>\r\n<p>MODALITA\u2019 DEL TRATTAMENTO<\/p>\r\n<p>Piva&amp;C, quale titolare del trattamento, gestir\u00e0 ed archivier\u00e0 con strumenti automatizzati e\/o cartacei i dati personali raccolti attraverso l\u2019utilizzo del sito e delle sue diverse funzionalit\u00e0 attivabili a richiesta dell\u2019utente, per il tempo strettamente necessario a conseguire gli scopi per cui sono stati raccolti o volontariamente comunicati dall\u2019utente.<br \/>Specifiche misure di sicurezza, come prevede l\u2019art. 32 del Regolamento (UE) 2016\/679, sono osservate per prevenire la perdita dei dati, usi illeciti o non corretti ed accessi non autorizzati.<br \/>Previo espresso consenso i dati e i recapiti forniti dall\u2019utente potranno essere utilizzati per svolgere attivit\u00e0 di marketing, saranno conservati per il tempo strettamente necessario per la gestione delle finalit\u00e0 sopra indicate secondo criteri improntati al rispetto delle norme vigenti ed alla correttezza ed al bilanciamento fra legittimo interesse del Titolare e diritti e libert\u00e0 dell\u2019interessato. Le attivit\u00e0 di marketing potranno essere realizzate attraverso modalit\u00e0 di contatto tradizionali o con modalit\u00e0 di contatto automatizzate.<br \/>I dati vengono gestiti solo da personale autorizzato dal titolare del trattamento; in caso di necessit\u00e0, i dati personali possono essere trattati dal personale della societ\u00e0 \/ consulente che cura la manutenzione tecnica del sito. In nessun caso i dati saranno oggetto di diffusione.<\/p>\r\n<p>Sui predetti dati NON E\u2019 prevista attivit\u00e0 di profilazione personale dell\u2019utente.[\/vc_column_text][vc_empty_space height=&#8221;10px&#8221;][vc_column_text]<\/p>\r\n<p>DIRITTI DEGLI INTERESSATI<\/p>\r\n<p>Ai soggetti cui si riferiscono i dati personali trattati sono garantiti tutti i diritti di cui agli articoli 15, 16, 17, 18 del Regolamento 679 (accesso con conferma dell&#8217;esistenza o meno del trattamento dei propri dati; rettifica, cancellazione e limitazione del trattamento quando ne ricorrano i casi).<br \/>L\u2019utente interessato ha il diritto di revocare il consenso al trattamento dei suoi dati, in qualsiasi momento, e di opporsi, in qualsiasi momento per motivi legittimi, al trattamento per finalit\u00e0 di marketing.<br \/>Le richieste vanno rivolte:<br \/>&#8211; via e-mail, all&#8217;indirizzo:indirizzo mail &#8211; oppure via posta, a: Piva&amp;C, via Biglia 7, Milano.<br \/>Inoltre l\u2019utente ha diritto di proporre reclamo ad un\u2019Autorit\u00e0 di controllo, qualora ritenga che il trattamento che lo riguarda violi il Regolamento Privacy UE.[\/vc_column_text][vc_empty_space height=&#8221;10px&#8221;][\/vc_column][\/vc_row]<\/p><\/div>","protected":false},"excerpt":{"rendered":"<p>[vc_row css_animation=&#8221;&#8221; row_type=&#8221;row&#8221; use_row_as_full_screen_section=&#8221;no&#8221; type=&#8221;full_width&#8221; angled_section=&#8221;no&#8221; text_align=&#8221;left&#8221; background_image_as_pattern=&#8221;without_pattern&#8221; el_class=&#8221;legale&#8221; z_index=&#8221;&#8221;][vc_column offset=&#8221;vc_col-lg-offset-0&#8243;][vc_empty_space height=&#8221;10px&#8221;][vc_column_text] Privacy policy [\/vc_column_text][vc_empty_space height=&#8221;10px&#8221;][vc_column_text] Informativa sul trattamento dei dati personali [\/vc_column_text][vc_column_text] PERCH\u00c8 QUESTO AVVISO Gentile Visitatore, a seguito della consultazione di questo sito web possono essere trattati dati relativi a persone fisiche identificate&#8230;<\/p>\n","protected":false},"author":1,"featured_media":0,"parent":0,"menu_order":0,"comment_status":"closed","ping_status":"open","template":"","meta":{"_acf_changed":false,"footnotes":""},"class_list":["post-3","page","type-page","status-publish","hentry"],"acf":[],"_links":{"self":[{"href":"https:\/\/tomasopiva.com\/it\/wp-json\/wp\/v2\/pages\/3","targetHints":{"allow":["GET"]}}],"collection":[{"href":"https:\/\/tomasopiva.com\/it\/wp-json\/wp\/v2\/pages"}],"about":[{"href":"https:\/\/tomasopiva.com\/it\/wp-json\/wp\/v2\/types\/page"}],"author":[{"embeddable":true,"href":"https:\/\/tomasopiva.com\/it\/wp-json\/wp\/v2\/users\/1"}],"replies":[{"embeddable":true,"href":"https:\/\/tomasopiva.com\/it\/wp-json\/wp\/v2\/comments?post=3"}],"version-history":[{"count":0,"href":"https:\/\/tomasopiva.com\/it\/wp-json\/wp\/v2\/pages\/3\/revisions"}],"wp:attachment":[{"href":"https:\/\/tomasopiva.com\/it\/wp-json\/wp\/v2\/media?parent=3"}],"curies":[{"name":"wp","href":"https:\/\/api.w.org\/{rel}","templated":true}]}}

<div class="wpb-content-wrapper"><p>[vc_row css_animation=&#8221;&#8221; row_type=&#8221;row&#8221; use_row_as_full_screen_section=&#8221;no&#8221; type=&#8221;full_width&#8221; angled_section=&#8221;no&#8221; text_align=&#8221;left&#8221; background_image_as_pattern=&#8221;without_pattern&#8221; el_class=&#8221;legale&#8221; z_index=&#8221;&#8221;][vc_column offset=&#8221;vc_col-lg-offset-0&#8243;][vc_empty_space height=&#8221;10px&#8221;][vc_column_text]</p>
<h2>Privacy policy</h2>
<p>[/vc_column_text][vc_empty_space height=&#8221;10px&#8221;][vc_column_text]</p>
<p><strong>Informativa sul trattamento dei dati personali</strong></p>
<p>[/vc_column_text][vc_column_text]</p>
<p>PERCHÈ QUESTO AVVISO</p>
<p>Gentile Visitatore, a seguito della consultazione di questo sito web possono essere trattati dati relativi a persone fisiche identificate o identificabili.<br />In riferimento a tale trattamento di dati si rendono, anche ai sensi dell&#8217;art. 13 del Regolamento generale europeo sulla protezione dei dati (Regolamento UE 2016/679), le seguenti informazioni, la cui validità non è estesa per eventuali altri siti web esterni consultati dall&#8217;utente tramite link presenti su questo sito.</p>
<p>Con la prosecuzione della navigazione, e con l’adesione alle proposte di servizio contenute nelle varie parti del sito ( compilazione di form per richiedere informazioni), si danno per acquisite le informazioni sul trattamento e l’utente esplicita il relativo consenso al trattamento.<br />Si sottolinea che il consenso è valido unicamente se proviene da persona maggiorenne o da minore che abbia compiuto i 14 anni (art. 8, commi 1 e 2 del GDPR).[/vc_column_text][vc_empty_space height=&#8221;10px&#8221;][vc_column_text]</p>
<p>TITOLARE DEL TRATTAMENTO E RESPONSABILE</p>
<p>Il titolare del trattamento è la società Piva&amp;C Srl, con sede in Milano (MI), Via Biglia, 7 (tel. 0000000, email : indirizzo email).[/vc_column_text][vc_empty_space height=&#8221;10px&#8221;][vc_column_text]</p>
<p>TIPI DI DATI TRATTATI</p>
<p>I sistemi informatici e le procedure software preposte al funzionamento di questo sito web acquisiscono, nel corso del loro normale esercizio, alcuni dati personali la cui trasmissione è implicita nell&#8217;uso dei protocolli di comunicazione di Internet.<br />Si tratta di informazioni che non sono raccolte per essere associate a interessati identificati, ma che per loro stessa natura potrebbero, attraverso elaborazioni ed associazioni con dati detenuti da terzi, permettere di identificare gli utenti.<br />In questa categoria di dati rientrano, ad esempio, gli indirizzi IP o i nomi a dominio dei computer o degli altri strumenti utilizzati dagli utenti che si connettono al sito, gli indirizzi in notazione URI (Uniform Resource Identifier) delle risorse richieste, l&#8217;orario della richiesta, il metodo utilizzato nel sottoporre la richiesta al server, la dimensione del file ottenuto in risposta, il codice numerico indicante lo stato della risposta data dal server (buon fine, errore, ecc.) ed altri parametri relativi al sistema operativo e all&#8217;ambiente informatico dell&#8217;utente.<br />Questi dati vengono utilizzati al solo fine di ricavare informazioni statistiche anonime sull&#8217;uso del sito e per controllarne il corretto funzionamento e vengono cancellati immediatamente dopo l&#8217;elaborazione.<br />I dati in questione potrebbero essere utilizzati per l’accertamento di responsabilità in caso di eventuali reati informatici ai danni del nostro sito.[/vc_column_text][vc_empty_space height=&#8221;10px&#8221;][vc_column_text]</p>
<p>FINALITA’ DEL TRATTAMENTO E FACOLTATIVITA’ DEL CONFERIMENTO DEI DATI</p>
<p>Piva&amp;C Srl acquisirà e tratterà unicamente dati anagrafici ed eventualmente fiscali; in nessun caso tratterà dati definibili, ai sensi dell’art. 9 del Regolamento n.679/16, come “particolari”.<br />I dati personali forniti verranno trattati per dare seguito alle specifiche richieste comunicate tramite il sito internet.<br />L’utente è libero di fornire i propri dati personali attraverso l’utilizzo dell’apposito form presente nel sito per richiedere l&#8217;invio di materiale informativo o di altre comunicazioni. Il loro mancato conferimento può comportare l&#8217;impossibilità di ottenere quanto richiesto.<br />L’invio facoltativo, esplicito e volontario di posta elettronica agli indirizzi indicati su questo sito comporta la successiva acquisizione dell’indirizzo del mittente, necessario per adempiere alle richieste, nonché degli eventuali altri dati personali inseriti nella missiva.[/vc_column_text][vc_empty_space height=&#8221;10px&#8221;][vc_column_text]</p>
<p>MODALITA’ DEL TRATTAMENTO</p>
<p>Piva&amp;C, quale titolare del trattamento, gestirà ed archivierà con strumenti automatizzati e/o cartacei i dati personali raccolti attraverso l’utilizzo del sito e delle sue diverse funzionalità attivabili a richiesta dell’utente, per il tempo strettamente necessario a conseguire gli scopi per cui sono stati raccolti o volontariamente comunicati dall’utente.<br />Specifiche misure di sicurezza, come prevede l’art. 32 del Regolamento (UE) 2016/679, sono osservate per prevenire la perdita dei dati, usi illeciti o non corretti ed accessi non autorizzati.<br />Previo espresso consenso i dati e i recapiti forniti dall’utente potranno essere utilizzati per svolgere attività di marketing, saranno conservati per il tempo strettamente necessario per la gestione delle finalità sopra indicate secondo criteri improntati al rispetto delle norme vigenti ed alla correttezza ed al bilanciamento fra legittimo interesse del Titolare e diritti e libertà dell’interessato. Le attività di marketing potranno essere realizzate attraverso modalità di contatto tradizionali o con modalità di contatto automatizzate.<br />I dati vengono gestiti solo da personale autorizzato dal titolare del trattamento; in caso di necessità, i dati personali possono essere trattati dal personale della società / consulente che cura la manutenzione tecnica del sito. In nessun caso i dati saranno oggetto di diffusione.</p>
<p>Sui predetti dati NON E’ prevista attività di profilazione personale dell’utente.[/vc_column_text][vc_empty_space height=&#8221;10px&#8221;][vc_column_text]</p>
<p>DIRITTI DEGLI INTERESSATI</p>
<p>Ai soggetti cui si riferiscono i dati personali trattati sono garantiti tutti i diritti di cui agli articoli 15, 16, 17, 18 del Regolamento 679 (accesso con conferma dell&#8217;esistenza o meno del trattamento dei propri dati; rettifica, cancellazione e limitazione del trattamento quando ne ricorrano i casi).<br />L’utente interessato ha il diritto di revocare il consenso al trattamento dei suoi dati, in qualsiasi momento, e di opporsi, in qualsiasi momento per motivi legittimi, al trattamento per finalità di marketing.<br />Le richieste vanno rivolte:<br />&#8211; via e-mail, all&#8217;indirizzo:indirizzo mail &#8211; oppure via posta, a: Piva&amp;C, via Biglia 7, Milano.<br />Inoltre l’utente ha diritto di proporre reclamo ad un’Autorità di controllo, qualora ritenga che il trattamento che lo riguarda violi il Regolamento Privacy UE.[/vc_column_text][vc_empty_space height=&#8221;10px&#8221;][/vc_column][/vc_row]</p></div>

<p>[vc_row css_animation=&#8221;&#8221; row_type=&#8221;row&#8221; use_row_as_full_screen_section=&#8221;no&#8221; type=&#8221;full_width&#8221; angled_section=&#8221;no&#8221; text_align=&#8221;left&#8221; background_image_as_pattern=&#8221;without_pattern&#8221; el_class=&#8221;legale&#8221; z_index=&#8221;&#8221;][vc_column offset=&#8221;vc_col-lg-offset-0&#8243;][vc_empty_space height=&#8221;10px&#8221;][vc_column_text] Privacy policy [/vc_column_text][vc_empty_space height=&#8221;10px&#8221;][vc_column_text] Informativa sul trattamento dei dati personali [/vc_column_text][vc_column_text] PERCHÈ QUESTO AVVISO Gentile Visitatore, a seguito della consultazione di questo sito web possono essere trattati dati relativi a persone fisiche identificate&#8230;</p>
